2 + 4*g + 1. What is the units digit of n(p)?
4
Suppose -5*p + 946 = 4*v, -v + 42 = p - 147. What is the hundreds digit of p?
1
Let l = -13 + 31. What is the units digit of l?
8
Let u(x) be the second derivative of -x**5/20 - x**4/6 + x**3/2 - 3*x**2/2 + 3*x. What is the tens digit of u(-4)?
1
Let z(c) = -c**3 - 2*c**2 - c - 1. Let t be z(-1). Let j be -1*(-1 + 0) + t. Let k = 3 - j. What is the units digit of k?
3
Suppose -4*m = c - 28 - 20, 3*m + c - 37 = 0. Let v = m - -10. What is the units digit of v?
1
Suppose -3*h + h = 5*m - 34, -3*h = -5*m - 51. Let r = h + 21. Suppose 2 + r = 5*k + 3*f, -2*f + 20 = 2*k. What is the units digit of k?
5
Suppose 5*a - 133 = -2*h + 360, -2*h = 4*a - 394. What is the units digit of a?
9
Suppose -2*j - 2*j = -12. Let m be 0/((-4)/(6/(-3))). Let q = j + m. What is the units digit of q?
3
Suppose 2*d = -5*l, 0 = -4*d - 0*d. Suppose 4*o - 3*o - 2 = l. What is the units digit of o?
2
Let p = 4 + -7. Let t = p + 16. What is the units digit of t?
3
Let j(z) = -2*z - 25. What is the units digit of j(-13)?
1
Suppose 2*z - b - 7 = 0, -7 = -z + 2*b + 4. Let q(l) = l**2 + 6*l + 5. Let h be q(-5). Suppose h = 2*a - z - 11. What is the units digit of a?
6
Let v(a) = -4*a - 3*a + 5*a + 9 + 4*a. What is the tens digit of v(7)?
2
Suppose 529 = 12*p - 263. What is the tens digit of p?
6
What is the units digit of (-10170)/(-48) + 1/8?
2
Let p(w) = w**2 + 3 - 11*w - 16 + 8. What is the tens digit of p(14)?
3
Suppose 2*b + 20 = 4*b. Suppose x - b + 57 = 3*d, -3*d + 4*x + 53 = 0. Suppose -5 = 2*i - d. What is the units digit of i?
5
Suppose 3*w + 51 = -r - w, -2*w - 103 = 3*r. Let z = r - -51. What is the tens digit of z?
2
Suppose 5*q - 4 - 1 = 0. Suppose -24 = -5*r + q. Suppose -38 - 2 = -r*c. What is the units digit of c?
8
Let b = 30 + -8. Let w = b + -17. What is the units digit of w?
5
Let y be (-140)/(-16) + 2/8. Suppose 3 = -2*r + y. What is the units digit of r?
3
What is the units digit of (60/18)/(1*(-4)/(-354))?
5
What is the units digit of ((-32)/(8/2))/(-1)?
8
What is the tens digit of 2/6 + 451/33?
1
Let s(p) = 5*p**2 - 4*p + 2. Let n(b) = b**2 + b. Let c(m) = -4*n(m) + s(m). Let h be c(12). Suppose -2*l + h = 3*l. What is the units digit of l?
0
Suppose -9 = -2*c + 35. What is the units digit of c?
2
What is the tens digit of (-1)/(-3 - 848/(-284))?
7
Let o be (-1 + -9)/((-12)/6). Suppose -o*h + 0*s - s + 30 = 0, -4*s = -3*h + 41. What is the units digit of h?
7
Let m = -15 - -29. What is the units digit of m?
4
Suppose 3*w = -2*g - 0*g + 38, 2*g - 5*w - 38 = 0. Let l = 31 - g. What is the tens digit of l?
1
What is the tens digit of (16/(-80))/((-1)/305)?
6
Suppose -146 = -4*g - 2*z, -2*g + 5*z - 29 = -96. Suppose 0*t = -4*t + g. What is the units digit of t?
9
What is the tens digit of (-3)/(-27)*3*81?
2
Suppose -409 + 157 = -14*o. What is the tens digit of o?
1
Suppose -4*i + 12 = 3*x, 0 = 4*x + 2*i - 3*i - 16. Suppose 0 = -2*d - 3*d. Suppose -2*t - 3*q + 8 = d, -t + 38 = -x*q + 12. What is the units digit of t?
0
Let t(w) = w**2 + 2*w + 55. What is the tens digit of t(0)?
5
Suppose 4*j - 149 - 7 = 0. What is the units digit of j?
9
Let k = -3 + 1. Let u = k - -17. What is the tens digit of u?
1
Let b(n) = -n**3 - 8*n**2 - 3*n - 9. Let g be b(-8). What is the units digit of (14 + 1)*6/g?
6
Suppose -5*n = -0*s + 5*s - 60, 0 = -2*s + 5*n + 31. What is the units digit of s?
3
Let t = -11 - -40. Let q = t - 14. What is the units digit of q?
5
Let m be 56/35*(-30)/4. Let p be (-6)/(-4) - m/8. Suppose 14 = -p*x + 4*z, 0*x - z = 3*x - 11. What is the units digit of x?
2
Suppose 0 - 12 = -2*n. Let f = n - 3. What is the units digit of f?
3
Suppose 0 = i + 4*i - 220. Let a = -12 + i. What is the tens digit of a?
3
Let h(w) = -w**2 + 10*w + 8. Let u(b) = -6 + 6 - 2 + 2*b. Let s be u(6). What is the units digit of h(s)?
8
Let m be (-6)/(-15) + (-2)/5. Suppose 2*w - 4*h + 52 = 6*w, 3*w + 4*h - 40 = m. What is the units digit of (w/4)/(3/8)?
8
Suppose 8*k = 3*k. Suppose -j + 12 + 10 = k. What is the tens digit of j?
2
Let a = -30 - -43. Suppose 4*d = 39 + a. What is the units digit of d?
3
Let y(k) = k**2 + 8*k. Let q be y(-8). Suppose b - 5*b + 60 = q. Suppose 17 + b = 4*o. What is the units digit of o?
8
Let d = -5 - -10. Let l = -1 + d. What is the units digit of l?
4
Let q = 14 - 13. What is the units digit of q?
1
Let b(n) = -n**3 + 7*n**2 + 8*n + 5. Let w be b(8). Suppose -w*o + 0*u - 22 = 4*u, -3*u = 9. What is the units digit of 1/o + (-17)/(-2)?
8
Let m(p) = -p**2 + 5*p - 6. Let n be m(6). Suppose -5*j + j + 9 = 3*q, -5*q = -4*j + 17. Let h = j - n. What is the units digit of h?
5
Let p = -28 + 46. What is the units digit of p?
8
Let c be (4 + -3)*(0 + 0). Suppose c = -2*f + 3*x - 0 - 4, -3*x = -6. Let p(s) = 8*s - 1. What is the units digit of p(f)?
7
Let w = 4 + -1. Suppose -w*s = h - 0*h + 7, s = -3. What is the units digit of (2 - h/2)*1?
1
Let k = 0 + 3. Let m(f) = f**3 + f**2 - 2*f. What is the tens digit of m(k)?
3
Let u(a) = 5*a + 2*a - 2*a - 6*a + 7. Let l = 11 + -15. What is the tens digit of u(l)?
1
Let a(y) = y - 5. Let j be a(6). What is the units digit of 2*(4 - j/1)?
6
Suppose -2*s + q = -17, 0*s + 5*s = 5*q + 45. What is the units digit of 63/s + (-5)/(-40)?
8
Suppose -3*c = -8*c + 80. Let l = -2 + c. Let z = -5 + l. What is the units digit of z?
9
What is the units digit of (18/24)/((-2)/(-200))?
5
Let g(j) = -j**3 + 6*j**2 + 4*j - 1. What is the units digit of g(6)?
3
Suppose 0*a - 5*l = -a + 352, -l + 1408 = 4*a. What is the units digit of a?
2
Suppose 3*o = 7*o - 20. Suppose 2*w - 8 = o*p + 16, 3*w - 36 = -4*p. What is the units digit of (2*-1)/((-6)/w)?
4
Suppose 3*c - 1 - 5 = 0. Suppose -5*f = -c*f - 42. What is the units digit of f?
4
Suppose 4*a = -10 + 234. Let k = a - 23. What is the tens digit of k?
3
Suppose 0 = 8*r - 12*r + 224. What is the units digit of r?
6
Let v be (-1 - 4)*8/10. What is the units digit of (-3)/v + (-1)/(-4)?
1
Let g be (-6)/(-3) - (-1 - 1). Suppose -2*v = -g*k + 80, 5*k + v + 0*v = 100. What is the units digit of k?
0
Let m = 8 - 5. Suppose 5*o + m = d, 0 = 2*d - 9 + 3. Suppose 0 = -3*u, -5*p + u + 40 = -o*p. What is the units digit of p?
8
Suppose 0 = 4*x + 12, 3*d - 3*x = -7*x - 6. Suppose 0 = -q - 4*v - 0*v - 11, 2*v = -q - 1. Let s = q + d. What is the units digit of s?
1
Suppose -2*i + 232 = i + 2*d, -20 = 5*d. What is the units digit of i?
0
Suppose 0 = -4*z - 2*z + 846. Suppose z = 3*x - 2*y, -2*y - 231 = -2*x - 3*x. What is the units digit of x?
5
Let c(y) = -y**3 + 6*y**2 - 2*y + 4. What is the units digit of c(5)?
9
What is the tens digit of 3 + (5 + 222 - (3 - 4))?
3
Let x(l) = -l**2 + 7*l - 3. Let s be x(7). What is the tens digit of 7*(1 - (-4 - s))?
1
Suppose -n + 32 = -z - 261, -303 = -n + 3*z. What is the units digit of n?
8
Suppose -1 - 1 = -2*g. Suppose 0 = f - 2*v - 11, -9*f - 4*v = -4*f + g. What is the units digit of f?
3
Let n be (-552)/21 - 8/(-28). Let u = n + 44. What is the units digit of u?
8
Suppose 2*k = -3*z + 194, -5*k = -5*z - 151 - 359. What is the tens digit of k?
0
Let b(n) = 2*n**2 + 8*n + 5. Suppose o = 3*o + 10. What is the tens digit of b(o)?
1
Let b(n) be the first derivative of n**5/60 + n**4/6 - 7*n**3/6 + 3*n**2/2 + 3. Let a(g) be the second derivative of b(g). What is the units digit of a(-6)?
5
Let x(q) = -q + 1. Let r(m) = 10*m - 10. Let h(i) = -2*r(i) - 18*x(i). What is the units digit of h(-4)?
0
Let x(o) = o**3 - 2*o**2 + o + 160. What is the hundreds digit of x(0)?
1
Suppose -9*q + 1598 = -715. What is the hundreds digit of q?
2
Let k = 141 + -92. What is the tens digit of k?
4
Let v(a) = -11*a + 8. What is the units digit of v(-2)?
0
Suppose 4 + 4 = -2*w. What is the units digit of (-4)/w + -3 + 8?
6
Let a = -4 + 6. Suppose -a*t + 6 + 12 = 0. What is the units digit of t?
9
Let q = 391 + -267. What is the hundreds digit of q?
1
Let d(m) = m**2 + m + 3. Suppose 2*s - 5 = 5*z, -2*z + 7*s - 2*s + 19 = 0. What is the units digit of d(z)?
9
Suppose c = -m + 8 - 2, -4*m = -3*c - 17. Let t = 3 - 2. Let q = c + t. What is the units digit of q?
2
Let w = 89 + 49. Suppose 3*q = -k + 43, -4*k + 2*q = -3*q - w. What is the tens digit of k?
3
Let v = 9 - 1. Let w(d) = d - 6. Let a be w(v). Suppose -4*x = -9*x - a*o + 4